23764?
False
Is 264 a factor of 515064?
True
Is 89310 a multiple of 7?
False
Does 1134 divide 24715530?
True
Is 30 a factor of 164160?
True
Is 19841103 a multiple of 333?
False
Is 4 a factor of 92804?
True
Is 6877164 a multiple of 91?
False
Is 4160062 a multiple of 1429?
False
Is 30012 a multiple of 61?
True
Is 811 a factor of 11271749?
False
Is 7 a factor of 126176?
False
Does 48 divide 6551947?
False
Is 2447026 a multiple of 10?
False
Is 6566532 a multiple of 6?
True
Is 2 a factor of 1761348?
True
Does 110 divide 1240872?
False
Is 260239 a multiple of 13?
False
Does 101 divide 298354?
True
Does 8 divide 1972448?
True
Is 18 a factor of 5132394?
True
Does 1073 divide 2806968?
True
Is 4 a factor of 16132?
True
Is 72 a factor of 218376?
True
Is 10 a factor of 470125?
False
Does 4 divide 696?
True
Is 5292962 a multiple of 69?
False
Is 1710255 a multiple of 412?
False
Does 34 divide 1813016?
True
Is 235969 a multiple of 16?
False
Is 13 a factor of 8112?
True
Is 9 a factor of 162?
True
Does 303 divide 10470486?
False
Is 107 a factor of 302596?
True
Is 460707 a multiple of 46?
False
Does 19 divide 853404?
True
Is 7724768 a multiple of 1132?
True
Is 37 a factor of 1234685?
False
Is 208 a factor of 2021212?
False
Is 36 a factor of 9619488?
True
Does 13 divide 476891?
False
Is 443912 a multiple of 28?
True
Is 20 a factor of 140240?
True
Is 1608 a factor of 4863039?
False
Does 525 divide 95550?
True
Is 35 a factor of 1707790?
True
Is 12 a factor of 3509324?
False
Is 3136500 a multiple of 1230?
True
Does 256 divide 3101184?
True
Is 80 a factor of 17911144?
False
Is 26 a factor of 232185?
False
Is 1510102 a multiple of 11?
True
Does 54 divide 1018744?
False
Is 1376245 a multiple of 155?
True
Does 4 divide 489746?
False
Is 1851673 a multiple of 666?
False
Does 200 divide 378832?
False
Is 22 a factor of 3239971?
False
Does 127 divide 279945?
False
Is 8 a factor of 310304?
True
Does 16 divide 562452?
False
Is 5 a factor of 729451?
False
Is 133070 a multiple of 35?
True
Does 46 divide 49266?
True
Does 29 divide 10150?
True
Does 62 divide 819392?
True
Does 379 divide 1394763?
False
Is 1566804 a multiple of 40?
False
Is 17406 a multiple of 6?
True
Does 93 divide 54869?
False
Is 277 a factor of 630484?
False
Is 421767 a multiple of 81?
True
Does 107 divide 318860?
True
Is 11 a factor of 422237?
False
Is 199 a factor of 21890?
True
Does 69 divide 1867416?
True
Does 10 divide 4082167?
False
Is 557631 a multiple of 513?
True
Is 29 a factor of 1596664?
False
Does 29 divide 1462460?
False
Is 732 a factor of 3294395?
False
Is 37229 a multiple of 14?
False
Does 3 divide 53384?
False
Is 474138 a multiple of 159?
True
Is 330 a factor of 6454800?
True
Does 208 divide 454064?
True
Is 22608 a multiple of 4?
True
Does 10 divide 195100?
True
Is 2 a factor of 4363?
False
Is 8073200 a multiple of 18?
False
Does 2 divide 2260?
True
Is 31 a factor of 8910?
False
Does 21 divide 362292?
True
Does 268 divide 259156?
True
Does 124 divide 370690?
False
Is 457704 a multiple of 4?
True
Is 18303 a multiple of 70?
False
Does 767 divide 730951?
True
Is 27672 a multiple of 24?
True
Is 560140 a multiple of 70?
True
Is 6 a factor of 1201194?
True
Is 6736788 a multiple of 396?
False
Does 459 divide 429165?
True
Is 1152450 a multiple of 65?
True
Is 5149216 a multiple of 592?
True
Is 412784 a multiple of 4?
True
Does 199 divide 505062?
True
Is 10 a factor of 5103476?
False
Does 143 divide 1909113?
False
Does 18 divide 3356766?
True
Is 39 a factor of 6208725?
False
Is 66 a factor of 4681512?
True
Does 9 divide 1097253?
True
Is 2131919 a multiple of 64?
False
Is 135 a factor of 2364525?
True
Is 439875 a multiple of 9?
True
Does 101 divide 52924?
True
Is 55088 a multiple of 4?
True
Is 544 a factor of 31856096?
True
Is 45 a factor of 989634?
False
Is 392652 a multiple of 18?
True
Does 226 divide 44644?
False
Does 244 divide 758894?
False
Does 50 divide 403620?
False
Is 363041 a multiple of 31?
True
Is 333 a factor of 106227?
True
Is 135065 a multiple of 35?
True
Does 28 divide 73281?
False
Is 146572 a multiple of 56?
False
Is 11 a factor of 1362469?
False
Is 18 a factor of 36234?
True
Is 2110165 a multiple of 335?
True
Is 12 a factor of 9600948?
True
Is 177 a factor of 6670761?
False
Is 19 a factor of 15894?
False
Is 6668154 a multiple of 1548?
False
Is 1248536 a multiple of 26?
False
Is 159 a factor of 423258?
True
Is 16122 a multiple of 17?
False
Does 167 divide 1352199?
True
Is 4 a factor of 227145?
False
Is 28 a factor of 2729377?
False
Is 531240 a multiple of 15?
True
Does 21 divide 517041?
True
Is 227450 a multiple of 17?
False
Is 32415 a multiple of 26?
False
Does 67 divide 272301?
False
Is 825790 a multiple of 658?
True
Is 149 a factor of 1036426?
False
Is 2054325 a multiple of 273?
True
Does 7 divide 2584470?
True
Does 308 divide 266420?
True
Does 5 divide 755710?
True
Does 79 divide 250035?
True
Is 105555 a multiple of 48?
False
Is 17 a factor of 722373?
False
Is 7 a factor of 47723?
False
Does 8 divide 1688280?
True
Does 94 divide 416608?
True
Is 10 a factor of 415899?
False
Is 111 a factor of 15540?
True
Is 247 a factor of 30488662?
False
Is 466944 a multiple of 48?
True
Is 4 a factor of 189059?
False
Is 4 a factor of 160918?
False
Is 580144 a multiple of 359?
True
Does 7 divide 3626718?
False
Is 22 a factor of 198374?
True
Is 138039 a multiple of 47?
True
Is 601430 a multiple of 10?
True
Does 13 divide 395413?
False
Does 114 divide 194588?
False
Is 6 a factor of 186208?
False
Does 467 divide 65847?
True
Is 269 a factor of 379256?
False
Is 167694 a multiple of 38?
True
Is 386 a factor of 16449776?
True
Is 115 a factor of 505540?
True
Is 246832 a multiple of 4?
True
Is 164556 a multiple of 126?
True
Does 419 divide 1231860?
True
Does 816 divide 713971?
False
Does 78 divide 630178?
False
Does 13 divide 164437?
True
Is 7 a factor of 207613?
True
Is 32 a factor of 666642?
False
Does 27 divide 231552?
True
Does 37 divide 704246?
False
Is 210140 a multiple of 120?
False
Is 143 a factor of 87953?
False
Is 937 a factor of 8300343?
False
Does 133 divide 531064?
False
Is 291746 a multiple of 93?
False
Is 82 a factor of 631564?
True
Is 470106 a multiple of 546?
True
Is 2618136 a multiple of 713?
True
Is 129705 a multiple of 44?
False
Is 37 a factor of 137674?
False
Is 14150 a multiple of 130?
False
Does 77 divide 78719?
False
Does 35 divide 562514?
False
Is 326 a factor of 1273356?
True
Is 1097038 a multiple of 4?
False
Is 2781488 a multiple of 661?
True
Does 19 divide 18896?
False
Is 3752837 a multiple of 11?
True
Is 22950 a multiple of 90?
True
Is 715 a factor of 4754676?
False
Is 30 a factor of 2449920?
True
Does 243 divide 6052643?
False
Does 135 divide 22190?
False
Is 11 a factor of 8671493?
False
Is 316 a factor of 766300?
True
Is 2137616 a multiple of 518?
False
Is 14 a factor of 862952?
False
Is 178 a factor of 1596421?
False
Is 193607 a multiple of 8?
False
Is 83624 a multiple of 657?
False
Is 10 a factor of 330305?
False
Does 94 divide 1331250?
False
Is 10 a factor of 99922?
False
Is 182052 a multiple of 36?
True
Does 29 divide 12261?
False
Is 59 a factor of 2269730?
True
Does 40 divide 497708?
False
Is 771 a factor of 12867990?
True
Does 25 divide 75139?
False
Is 20169 a multiple of 249?
True
Does 28 divide 150500?
True
Is 389 a factor of 3711372?
False
Is 2 a factor of 240683?
False
Is 6 a factor of 88092?
True
Is 7 a factor of 144827?
False
Is 1734171 a multiple of 29?
True
Is 147 a factor of 571963?
False
Is 227482 a multiple of 107?
True
Is 235 a factor of 675390?
True
Is 80820 a multiple of 15?
True
Is 646029 a multiple of 337?
True
Is 159248 a multiple of 74?
True
Is 61 a factor of 79023?
False
Is 18 a factor of 100678?
False
Is 47 a factor of 18236?
True
Is 1147270 a multiple of 859?
False
Does 70 divide 105357?
False
Does 4 divide 8951?
False
Is 158 a factor of 6594130?
True
Does 165 divide 2032?
False
Is 4330604 a multiple of 4?
True
Does 280 divide 138532?
False
Is 585193 a multiple of 378?
False
Is 974988 a multiple of 42?
True
Does 621 divide 838599?
False
Is 201096 a multiple of 18?
True
Is 766263 a multiple of 489?
True
Is 98643 a multiple of 25?
False
Does 12 divide 6120?
True
Is 108030 a multiple of 2?
True
Does 411 divide 890983?
False
Is 10220004 a multiple of 12?
